+ -10
-18
(0 + -6 + (-19 + 8 - -9) - 2) + 127
117
What is 3 + 18 + 18 + -9 + 0 + -12?
18
22 + -27 + 21 + -16 - -40
40
Evaluate (9 - 12) + 5 + -25.
-23
Evaluate -101 + 88 + 45 + -79.
-47
Calculate 0 + 69 - (422 + -323).
-30
Evaluate (3 - (8 + -7 - -6)) + (-1 - (-22 + 7)).
10
Evaluate (-166 - (-183 + 63)) + 144.
98
5 + (83 + -102 - (-14 - 2))
2
What is 1 + -100 + 0 - (-10 - (62 - (112 - 31)))?
-108
Evaluate 67 - (252 + -91 + -109).
15
Calculate (-30 - 2) + (56 - 77) + 59.
6
Calculate (-3 - (-3 + 1) - -14) + -306 + 221 - 2.
-74
Evaluate (-8 - (-23 + 2)) + -8 + -6.
-1
What is the value of (23 - 1) + (42 + -33 - (11 - 1)) + -7?
14
Calculate -14 + (-7 - (-9 - -1)) - (-52 - 49).
88
What is (-1 + -12 + 22 - 23) + 10 + 2 - -39?
37
What is the value of 2 + (-37 - 0 - (-80 + 34 + 44))?
-33
-26 + 14 + (-9 - -32) + 112 + 0 + 8
131
What is the value of -5 + -1 + -117 + 55 + 51?
-17
What is -9 - (14 - (11 + 0)) - (-53 - -1)?
40
What is (-4 + 0 - 15) + 12 + (4 - -62)?
59
What is (-1291 - -1283 - (30 - 0 - -1 - 2)) + -4?
-41
What is (163 + -111 + (3 - 2) + -9 - 8) + 9?
45
What is the value of -8 - (9 - (2 - (3 + (-15 - -3)))) - 10?
-16
Evaluate 54 - (38 + (-9 - -79)).
-54
What is the value of -7 - 1 - (-170 + 167 - (-2 + 1) - 4)?
-2
3 - 12 - (-16 - (-57 + 25))
-25
What is -36 + (-27 - (-13 - 41)) - -23?
14
3 + -24 + -7 + (-60 - -34)
-54
Evaluate -6 + 0 - (14 + -3 + 15 + -11) - -10.
-11
What is the value of -561 - -586 - (18 - -2) - -38?
43
What is (0 - -39) + 3167 + -3216?
-10
Evaluate 37 - (5 + 0 + -15 + (16 - 15) + 6).
40
What is the value of 1 + 4 + (-9 - (11 + (2 - 5) - 7))?
-5
What is the value of -65 + (38 + 6 - (53 + -32))?
-42
What is (373 + -374 - (15 - 0)) + -78 + -15?
-109
What is the value of -4406 - -4405 - (2 + (-103 - (2 + -1 + 1)))?
102
What is 3 + -4 + -11 + (43 + 8 - 50) + -5?
-16
Calculate 42 - (-58 + 43 + 48).
9
What is 5 + -51 + -16 - 0 - 4?
-66
63 + 76 + -131 + (64 - -2 - 2)
72
Calculate 126 - (44 + 90) - (-24 - 2).
18
What is -37 - (-1 + -8 + 560 + -552)?
-36
What is the value of 4 + -10 + (4 - (34 + (17 - 33)))?
-20
What is the value of -22 - (2 + -6 + (14 - (-9 - -23)))?
-18
Evaluate 15 - 9 - 17 - ((-38 - -37) + -14).
4
15 - ((17 - (29 - 3)) + 37)
-13
Calculate (-1 - 1) + -70 - (1 + 32 - 4 - 32).
-69
Calculate (4 - -49) + (-130 - -70) + 58.
51
(-88 - -21) + 9 + (-12 + 12 - -3)
-55
What is the value of -394 + 355 - (-82 + 2)?
41
What is the value of -87 + (134 - 40) + -65?
-58
Evaluate -7 + 1 + ((-36 - -18) + 23 - (0 + 59)).
-60
(104 - 54) + 31 + -94
-13
What is the value of (308 - 307) + (-29 - -2) + 36?
10
Calculate (64 - -1 - -58) + 0 + -1 + -4 + 2.
120
Calculate 56 + (12 - -20) + -61.
27
Evaluate -37 + -3 + (17 - 7 - -1) + 0 + -6.
-35
Evaluate 25 + 11 - (-32 - -17).
51
What is 14 + (-62 - -13) + 99?
64
What is (-40 - -1) + 101 - 49?
13
(16 - -16) + -38 - (21 + 3)
-30
(116 + 109 - 219) + (-2 - (-96 + -1)) + -2
99
Evaluate (-14 - 0) + (954 - 960 - (-8 - (0 - 2))).
-14
What is 0 - -157 - (-500 - -582)?
75
What is (264 - 230) + 5 + 5 + -4?
40
Evaluate -10 + (-2 - (-25 + 2) - (0 - -2 - -8)).
1
(13 + -8 + 11 - 4) + -13 - 68
-69
Calculate (-8 - 3) + 6 - -5 - ((23 - 17) + 35).
-41
73 - (-38 - -42) - (-8 + -2 + (-2 - 0))
81
Calculate -33 - 9 - (-665 - -514).
109
58 + 6 + -81 + 88
71
What is 20 + -52 - -19 - -33?
20
(2 + (-1 - -31) - 6) + -10
16
What is the value of 24 + 112 + (-6 - (-22 + -2 + 20))?
134
Calculate -17 + (-15 - (-6 + (-17 - -3))) - -61.
49
What is (-1 + 10 + -8 + 18 - 80) + 13?
-48
What is -25 + 49 + -13 - (4 + (4 - 5 - -47))?
-39
Evaluate 13 + 0 + (-12 - (3 - (-5 - (4 + -56)))).
45
41 + (8 - 4) + (2 - (9 + -11 + 3))
46
-4 - (1 - -79) - -86
2
What is the value of 1 + -94 + (3356 - 3301)?
-38
5 + -17 + -1 + 14 + -11 + 4
-6
Calculate -5 + -18 + (-1 - 2) + 0 + -267 + 262.
-31
What is the value of 42 + 7 + 17 + -4 + 0?
62
Evaluate (-107 - 0) + (-99 - (-455 + 335)).
-86
What is the value of (-5 + 10 - 37) + 30?
-2
(-9 - (7 + (6 + -6 - 6))) + -1 + -32
-43
What is the value of 5 + -49 + (-5 - (8 - 15))?
-42
What is the value of 31 + (-55 + 52 - -12) + -1 + 7?
46
What is ((92 - -17) + -69 - (1 + 21)) + 99?
117
Evaluate (-23 - (23 + -51)) + 18 + (-2 - 1).
20
Evaluate 0 + -9 - (0 - 1) - (-237 + 135 - -165).
-71
-1 - -5 - ((-6 - -17) + 1 + -24)
16
What is -267 - -167 - 3 - -4?
-99
What is -22 + 13 + (9 - 12) + 27 + 3 + -34?
-16
What is 130 + -29 + 24 + 0 + -40?
85
What is (0 - (-8 - (-5 + -3 + 14))) + -15?
-1
What is -1 - (-5 - (-9 + 1)) - ((-2 - 1) + 7)?
-8
What is 5 + (-16 - 1 - -9) - (-18 + -54)?
69
Calculate 41 + 33 + 0 + (-53 - -22) + (-14 - 1).
28
Evaluate (228 + -102 - 112) + (3 - 66).
-49
Calculate -1 + -73 - ((12 + -2 - 20) + 22).
-86
-46 + ((78 - 67) + -1 - (0 + 15))
-51
4 + 6 + -14 + 22 + 1 - 84
-65
Evaluate 26 + 2 + -10 + -1 + -7.
10
Calculate -81 + (-3 - 0) + -700 + 697.
-87
Calculate -38 + (-59 - (-184 - -57)).
30
What is (0 + -3 - 13) + 12 + -58 - (1 + -1)?
-62
What is -1 - -65 - (-5716 - -5874)?
-94
51 + (24 - 63 - 4)
8
What is the value of (-2 - 2) + 13 + 0 - (-462 - -554)?
-83
What is the value of (-2 - -3) + (-9 - -4 - 22) + -70?
-96
-2 + -1 + -1 + -63 - (7129 + -7141)
-55
-35 + ((1 - 32) + 2 - (1030 + -1047))
-47
9 + -7 + -14 + 15 + -13
-10
What is the value of 672 + -665 - (-3 + -3 + 4 + -3)?
12
Evaluate 1 - ((-46 + 57 - -98) + -42).
-66
What is (102 - 2) + (-48 - (-70 - -26)) - -7?
103
What is the value of 41 + -30 + (7 - 14) - 28?
-24
21 + (-40 - (6 - -7)) - 0
-32
What is -7 + (50 - ((-7 - 1) + 9 - 4))?
46
What is -40 - (145 + 10 + -181)?
-14
What is 21 - (-11 - -14) - (-7 - 5) - -12?
42
Calculate 23 - (43 + 0) - (1 + -46).
25
Evaluate (1 - 11) + 24 + -3 + (-89 - (-61 - 18)).
1
-1080 - -1171 - (59 - 2)
34
What is the value of 3 - (18 + -9 + -3) - 7 - (-3 - -28)?
-35
What is the value of -21 + -3 + 3 + 3 + -90?
-108
Calculate (-52 + 11 - -40) + 37.
36
What is the value of -30 - -32 - (3 - (-10 - -3)) - -48?
40
What is -47 + (32 - -9) + 48?
42
(-29 - -19) + 5 - (-32 + -13 - (1 - 3))
38
Calculate 15 + -9 + -30 + 2 - (-108 - -98).
-12
19 - 15 - (-7 + (8 - 0 - 29))
32
13 + (3 - (-9 + -4 + 10) - 12) + -63
-56
Evaluate -34 - (27 - (-34 + 111)).
16
What is 1 + -3 + (156 - 195) + 102?
61
What is the value of 41 + -11 + 17 + -29 + 17?
35
Evaluate 13 - (157 - 47 - 48).
-49
What is the value of (-4 - (74 - (1 - (3 - 2)))) + 22?
-56
What is 47 + -27 - (104 - 82)?
-2
What is the value of -10539 + 10488 + (59 - -1)?
9
What is the value of -23 - ((62 - -55) + -65)?
-75
Calculate (113 - (-47 - -44)) + -153.
-37
What is 47 + (-17 - 33) + -58?
-61
What is the value of (-8 + -10 + 10 - 13) + (-1 - 1) + -1?
-24
What is (7 + 19 - (80 + -78)) + -36?
-12
What is 19 - -14 - -35 - 61?
7
(-40 - -23) + 37 + (2 - 173 - -7)
-144
-40 + -32 + 92 + -9
11
Evaluate 75 - ((12 - 93) + 147).
9
Calculate (-61 - -27) + 20 - (70 - (8 + (4 - 6))).
-78
(-488 + 465 - (-45 - -1)) + -65
-44
Evaluate -35 + (-36 + 8 + 140 - 35).
42
Calculate 1 + -67 - (893 + -906).
-53
Calculate 463 + -499 + (-5 - 12).
-53
Calculate -1 + 3 - ((-42 - 13) + 64).
-7
102 - (-32 - (48 + -95))
87
Calculate 7 + 24 + (7 - (-15 + 13)).
40
Evaluate (0 - -9 - (-8 + (-18 - -12) + 10)) + -6.
7
What is 34 + (55 - 131) - -108?
66
Evaluate (1 - -1) + (3 - 9) + -9 + -77 + 106.
16
What is the value of -311 - -356 - (2 - ((-21 - -27) + 0 + 3))?
52
Evaluate 176 + (-38 - (-13 + 69)).
82
96 - (80 - (-82 - -92))
26
Evaluate -36 - (2 + -16 + (7 + -10 - -21)).
-40
What is -74 + (51 - -22) - 15?
-16
What is (-29 - (19 - 27) - 48) + (-9 + 5 - 2)?
-75
What is -104 + 208 + -79 + 110?
135
What is -210 + 199 - (5 + -44 - -1)?
27
Calculate 35 + 4 + -758 + 771.
52
Evaluate 27 - ((-20 - -133 - -44) + -17).
-113
What is 228 + -217 + 0 + -21 - -9?
-1
Calculate (23 - 2) + (56 - 23 - (-1 + 31)).
24
Evaluate 15 - (32 + 52) - -60.
-9
What is the value of (-13 - 1) + (118 - 94) + -17?
-7
Evaluate -63 + 1 + 19 - 0.
-43
What is -3 + (14 - ((52 - (-2 + 11)) + -13))?
-19
Calculate -119 + 4 + 124 + -108.
-99
What is the value of (-7 - -2) + 37 + 39 + -56?
15
Calculate 11 - (19 + 38 + (28 - 25)).
-49
(-21 - -24) + 1 + -3 - (-326 + 339)
-12
Evaluate -13 + 6 + -2 + -4 - (-966 - -946) - 2.
5
What is the value of (-10 + (-13 - -1) + -19 + 35 - 61) + 1?
-66
Calculate -47 + -1 - (-4 + 11 + (29 - 23)).
-61
Calculate -1 + 11 + 